0 - -4) + -3 - 4
-3
0 + -4 + (8 + -17 - -14)
1
Calculate -7 - -5 - (1 + -2 + -2).
1
What is -22 - -10 - -7 - -10?
5
Calculate (-1 - 2) + (-13 - (4 + -14)).
-6
Calculate 0 + 10 + -48 + 44.
6
What is the value of 0 - 7 - (-3 - 10)?
6
What is (-4 - (11 + -7)) + 11?
3
Calculate -3 + (5 - 8) - -9.
3
Evaluate 10 - 20 - (2 - 8).
-4
What is the value of 4 + (2 - 3) + -1 + -1?
1
Calculate -3 + 5 + (-3 - -2).
1
What is -3 + -1 + 6 + -3?
-1
Evaluate (-40 + 42 - (0 - 0)) + -5.
-3
What is the value of -183 + 198 - (8 + 0)?
7
What is the value of (2 - 6 - -4) + -6?
-6
Calculate -12 + 11 + -7 + 12.
4
Evaluate 6 + -6 + -7 + 11.
4
What is the value of -8 + 4 + (0 - -2)?
-2
Calculate 0 - 2 - (4 + (4 - 5)).
-5
2 + -9 + 10 - 7
-4
Evaluate -15 + 0 + -7 + 16 + -4.
-10
Evaluate 4 - (-4 + 14 + -4) - -1.
-1
Calculate (-4 - 7) + 3 + (1 - 0).
-7
What is -6 - -5 - 2 - (1 + -4)?
0
Evaluate -7 + (-4 + 2 - 0 - -8).
-1
Evaluate (3 - -5) + (1 - (0 + 3)).
6
What is the value of 1 + -5 + (1 - 0)?
-3
Calculate -2 - (1 + -2 + -5 + 2).
2
-2 - (1 + -1 - 4)
2
-1 + (0 + -1 - 5) + 2
-5
-3 + -7 - -7 - 0
-3
What is -5 - (-7 - -3) - (6 - -1)?
-8
Calculate 0 + (1 - (-8 + 5)).
4
Calculate -17 + 22 - 12 - (-1 + -8).
2
Evaluate 2 - (2 + 0) - (2 + 3).
-5
What is 9 - (-5 - -24 - 6)?
-4
What is -16 - -6 - (-8 - -1)?
-3
Evaluate 10 + 0 - 20 - -16.
6
What is 0 + -4 - -11 - (18 - 15)?
4
What is the value of 3 + -1 + 0 + 6 + -3?
5
Evaluate 7 - (1 - -6) - -5.
5
Evaluate (-9 - (6 + -18)) + 3.
6
Evaluate 12 - 4 - (1 - 2 - -3).
6
Evaluate (-2 - 11 - -5) + 3 - -4.
-1
Evaluate (-1 - (-11 - -5)) + -2.
3
What is 6 - (-18 + 22 + 1 + -1)?
2
Evaluate -5 + (2 - 5) + 11.
3
Calculate 3 + (-7 - 2) - -11.
5
What is the value of 2 - (3 - -2 - 6) - 4?
-1
1 + (3 - -1) + 0
5
What is the value of -2 - 0 - 3 - -10?
5
What is -7 + 4 - (-5 + -3)?
5
What is (6 - (6 - 4)) + -8?
-4
What is the value of 0 - (0 + (-3 - -4))?
-1
Calculate 0 + 1 + (-19 + 22 - 0).
4
What is 13 + (15 + -6 - 15)?
7
What is the value of 3 - 2 - (-4 + 2 + 1)?
2
Calculate -6 + (0 - 1) + 7.
0
Calculate -5 - ((4 - 21) + 3).
9
Evaluate -2 + 4 + -3 - (0 - 2).
1
What is the value of -4 + (1 - -1) + (8 - 15)?
-9
What is the value of 3 + -3 + 3 + 1?
4
What is the value of -13 + 12 - (2 + 2 - 1)?
-4
What is the value of -1 - (1 + (1 - 2))?
-1
Evaluate -13 + 1 + -5 + 12.
-5
What is the value of 22 + -27 - (-2 + 2)?
-5
What is the value of 1 + -3 + 3 - (1 + -2)?
2
Calculate -2 + -6 + 3 + -7 + 6.
-6
Calculate (64 - 49) + (-6 - (2 + -1)).
8
What is 5 - 5 - (2 - 0) - -1?
-1
Calculate 5 + (-4 + 7 - 11).
-3
Calculate -8 - (-3 - (2 + 2 - 4)).
-5
What is the value of (1 - 3) + 1 + 2?
1
-3 + (-1 - (-2 - -2) - -6)
2
Evaluate -9 + 0 + (8 - 2).
-3
What is the value of 8 + -10 + 4 + 1 + 1?
4
Calculate -7 + (3 - -6) + -3.
-1
What is (9 + 0 + -4 - 4) + -1?
0
-2 - -5 - 7 - -3
-1
What is -8 - (-3 - 3) - -6?
4
What is the value of (0 - -6 - 11) + 9?
4
Evaluate (-5 - -1) + 19 + -10.
5
What is 0 - (-5 - -6 - -3)?
-4
What is the value of 9 - 7 - (-2 - 0)?
4
Evaluate (0 - (5 - -4)) + 2.
-7
Evaluate (1 - (2 - (1 + -2))) + -2.
-4
3 - (1 - 1 - -1)
2
Evaluate (11 - 4) + (1 - (-1 - -1)).
8
What is 8 + -4 + -6 - -4?
2
Evaluate 6 - (2 + 3 - -6).
-5
What is the value of 4 - (-1 + 5 + -1)?
1
What is (5 - 1) + (-1 - 6)?
-3
What is (3 - 6) + (6 - (-1 - -2))?
2
(2 - 8) + (2 - 2) + 1
-5
(8 - 5) + 10 + -3
10
What is the value of 1 + (1 - 12) - -7?
-3
What is the value of (-20 - -22) + 1 + -4?
-1
What is (7 - 1) + 0 + -8?
-2
What is 6 + (-7 - (-4 + 5))?
-2
-8 + -1 + -4 + 8
-5
Calculate (6 - -5) + -26 + 8.
-7
-1 + (-6 - (-6 + 3 + 2))
-6
-5 + -7 - (-5 + -5 + 4)
-6
Calculate 1 + -1 + 32 + -23.
9
0 + 1 + (11 - 3) + -14
-5
4 + 2 + 2 + -5
3
Evaluate 12 - (12 + -6) - (2 + -1).
5
What is (7 - 4) + (-1 - 6)?
-4
(-1 - 0) + -1 + 3
1
Evaluate (0 + 1 - -1) + (-5 - 0).
-3
Evaluate (-5 + 8 - 5) + 2 + -1.
-1
(25 - 27) + (-3 + 5 - -3)
3
Calculate 2 + (-3 - (0 - 1)) - 5.
-5
What is the value of 1 + (6 - (2 + 4))?
1
What is -6 - (-5 - (0 + 2))?
1
What is the value of 0 + 0 + -8 + 10 + -4?
-2
What is -2 - (6 - (8 - 2))?
-2
(-1 - 4) + 2 - (-3 - 2)
2
What is 1 + 2 + -3 + -2 + 0?
-2
What is -5 - (-7 + 6) - -3?
-1
What is the value of 21 - 24 - (-8 - (2 - 1))?
6
(0 + 0 + -1 - -2) + 4
5
2 - -6 - 1 - (15 - 6)
-2
What is -1 + -5 + 3 + (3 - 0)?
0
Calculate -3 - (10 + -6 + (1 - 0)).
-8
7 + (1 - -7) + -17
-2
Evaluate 1 + -6 + -16 + 20 + 9.
8
Evaluate 5 - (5 - (0 + -1 + -2)).
-3
Evaluate 3 - (-7 + 8) - (1 + -1).
2
-2 - (-5 + 0) - 2
1
Evaluate 5 + -11 + 0 - (-14 + 3).
5
What is 5 - (-1 - -4) - (-1 - 0)?
3
-2 + 2 + -4 + -1
-5
(2 - -2) + -2 - (-1 - 1)
4
Calculate (5 - 8) + (25 - 14).
8
-1 - 5 - (17 - (32 - 13))
-4
What is the value of 6 - (0 + -1 + 7 + -1)?
1
-7 - (-14 + (10 - 2))
-1
Evaluate 1 - 5 - (1 - (4 + -1)).
-2
Calculate -7 - (2 - ((5 - 0) + -1)).
-5
0 - 17 - (160 + -170)
-7
4 + -2 + (4 - 2)
4
Calculate (4 - (0 + 0)) + -4.
0
What is the value of 16 + -20 - (-2 - 1)?
-1
What is 2 - (4 - (-4 + 5))?
-1
Evaluate (10 - 6) + -14 - -7.
-3
What is -2 - ((-1 - 1) + -1 + -2)?
3
-2 + 5 + (7 - 11)
-1
What is -9 - (1 - -1) - (-4 + -1)?
-6
Calculate -9 + 9 + 11 + -5.
6
Calculate (-6 + 7 - -2) + -5.
-2
6 + -3 - 5 - -4
2
Calculate 32 + -32 - (7 + -1 - 1).
-5
Calculate 4 + (-8 - -5) + 0.
1
-2 - -4 - 2 - 7
-7
What is 3 + -2 + 7 + -4 - 3?
1
Evaluate 0 - (4 + (-7 - -10)).
-7
Calculate -5 + 0 + 1 + -3.
-7
What is 2 + -6 + 4 - (-2 + -1)?
3
What is the value of 13 - (20 + -14 - -3)?
4
Calculate -2 + 7 + -2 + (-10 - -2).
-5
What is 4 + (1 - 0 - 2) - 1?
2
-8 + 9 - (-3 + (11 - 3))
-4
Evaluate 2 - (2 + (2 - 0)).
-2
Evaluate (2 - -2) + (-46 - -37).
-5
Calculate -12 + (-2 - ((10 - 3) + -13)).
-8
Calculate 0 + -6 - (52 - 60).
2
What is the value of -1 - (3 + 1) - (-15 + 10)?
0
Calculate (4 - 1 - 7) + 3.
-1
4 + (7 - (-4 + 14))
1
-1 - 1 - (9 - (7 - 3))
-7
Evaluate 2 + 5 - (-35 + 39).
3
-16 + 10 + (5 - 3)
-4
What is 4 + -2 - (-1 - -2) - 6?
-5
What is the value of -3 + (7 + -3 - 0) + -1?
0
(-5 - -10) + (-2 + -6 - 3)
-6
What is 5 + -8 + 2 + 1?
0
Evaluate -24 + 31 - (-2 + (2 - -2)).
5
0 + -2 + (100 - 98)
0
What is the value of -4 - -4 - 1 - -3?
2
What is the value of 1 - (-8 + 5 - -9)?
-5
9 + 4 + -4 + -4
5
Evaluate -6 + 11 - (-6 - -7).
4
What is 0 - ((-6 - -5 - 5) + 5)?
1
Calculate -2 - (-3 - -6 - 3 - -2).
-4
What is the value of 6 + -7 + (1 - (4 + 2))?
-6
-6 - (5 - (3 - 1) - 3)
-6
What is 1 + -4 + (-1 - 8 - -8)?
-4
What is -10 + 7 + -10 - (-5 - 1)?
-7
Evaluate -9 - 5 - -9 - (-1 - 6).
2
Evaluate (-5 - -3) + 0 - 1 - -4.
1
Calculate 6 - (6 - (4 - -1)).
5
Evaluate -5 - ((-3 + -5 - -6) + 8).
-11
(4 - -3 - 10) + (0 - 1)
-4
What is the value of 3 + (-4 - (-1 - -1)) + -1?
-2
(-13 - -26) + (-6 - -1)
8
What is -9 - (-6 + -3 + 3)?
-3
What is the value of (0 + 6 - 6) + 4?
4
Evaluate (2 + 16 - 10) + (2 - 10).
0
Calculate -9 + -1 - (7 + 10 + -23).
-4
Evaluate (-8 + -1 - -6) + 1.
-2
What is -2 - (7 + -10 + 8)?
-7
2 - (-2 + 1 + 2)
1
1 - (-14 - (2 + -9))
8
Evaluate 1 + -6 + (-5 - -5 - 0).
-5
(-56 - -53) + (-1 - 0)
-4
What is 0 + 5 - (-13 + 14 + -4)?
8
(-2 - 0) + (10 + -9 - -3)
2
What is 4 - (-6 - (-10 - -4))?
4
-1 + (4 - 4) + 1
0
What is the value of 21 + -1 + -11 + -10?
-1
Evaluate (-4 - -2) + 9 - 3 - -2.
6
What is the value of 6 - (-6 - (-9 - 5))?
-2
What is (2 - -5) + (-2 - (6 + 4))?
-5
What is the value of 1 + (7 - (-7 - -9))?
6
Calculate 4 - (9 - (-2 - -3)).
-4
What is the value of (-2 - (2 + -2)) + -21 + 15?
-8
Evaluate 4 + (-2 + (1 - 0) - -2).
5
7 + 1 + (3 - (8 + -2))
5
Calculate -5 - (9 + -17 + 10).
-7
What is -5 + -7 + (4 - (-5 - -6))?
-9
Calculate -2 + (-3 - -3) - -7.
5
-21 + 14 + 11 + -3
1
Evaluate -3 + 11 - 5 - 7.
-4
Evaluate 2 + (8 - 5) + -3.
2
2 + -6 - (3 + -2 - 2)
-3
-1 - (-1 - (2 + -2 + 2))
2
What is the value of -9 + -1 - (-21 - (15 + -34))?
-8
What is the value of (16 - 28) + 13 - (-6 - -1)?
6
-3 - (5 + 2 + -7)
-3
Calculate (3 - (0 + 0)) + -34 + 31.
0
Evaluate 3 + 1 - ((-21 - -11) + 18).
-4
Evaluate -1 + 6 - (13 + -12).
4
What is the value of -9 + -1 - (-15 + 8)?
-3
Calculate 1 + (10 + 6 - 13).
4
What is (-7 - -10) + -9 + 0 + 1?
-5
Evaluate 3 - (-3 - -11 - (-2 - -8)).
1
Calculate (-120 - -111) + (6 - 1).
-4
Evaluate 4 + -7 - 1 - -1.
-3
5 + (2 - 6) + -7 + 1
-5
What is 3 - 6 - (9 + (-3 - 2))?
-7
-5 + (-6 - -10) + 4
3
What is -1 - 1 - (2 - (-3 - -11))?
